 -3). Suppose -5*i - 238 = -10*i + b, 2*i = -o*b + 88. List the prime factors of i.
47
Suppose 5*q = w + 54, -w + 2*w = -5*q + 46. Suppose 3082 = q*v + 13*v. List the prime factors of v.
2, 67
Let o = 716 - 708. Suppose o*b - g = 10*b - 552, 2*g = b - 266. List the prime factors of b.
2, 137
Let i = -37212 + 77233. List the prime factors of i.
31, 1291
Let t be ((-4)/10)/(2/(-50))*4. Suppose u - 3 = -5*l, -2*l = -u - 9 + t. Suppose -u*s + 24*s = 95. List the prime factors of s.
5, 19
Let o be (1 + (-4)/8)/((-6)/10812). Let w = -561 - o. List the prime factors of w.
2, 5, 17
Let u = -25 + 45. List the prime factors of (5 - (-38 + -7))*u.
2, 5
Suppose 5*o + 4*g - 34418 = 0, 2*g - 20652 = -30*o + 27*o. What are the prime factors of o?
2, 11, 313
Let p be ((-125)/(-3))/((-22)/(-198)). Suppose -7*y - 4*u - 377 = -10*y, -3*u - p = -3*y. List the prime factors of y.
3, 41
Let x(a) = a**3 - 2*a - 35. Let l be x(0). Let c be 0 - ((-10)/l - 4204/14). Suppose -9*s + c = -3*s. List the prime factors of s.
2, 5
Let b(f) = 68502*f**2 + 54*f + 54. What are the prime factors of b(-1)?
2, 3, 7, 233
Suppose -20*u + 2342 = -4558. Suppose 7 = -q + u. What are the prime factors of q?
2, 13
Let l = -14810 + 84115. List the prime factors of l.
5, 83, 167
What are the prime factors of 1464/(2/(-11) - (2282/396 - 6))?
2, 3, 61
Suppose -114*c - 78*c = 81644 - 768236. List the prime factors of c.
2, 3, 149
Suppose 64*f - 62*f + c = 1746, -3*f - 5*c + 2612 = 0. List the prime factors of f.
2, 19, 23
List the prime factors of 2/(-9) - ((-8)/(-68) - (-23386310)/(-765)).
2, 3, 5, 1019
Suppose -7*f - 10*f - 16*f = -260337. What are the prime factors of f?
7, 23
Let n = 8170 - 2452. List the prime factors of n.
2, 3, 953
Let j = 132 - -137. Suppose -3*h + 807 = 5*c, 0*h + c = -h + j. List the prime factors of h.
269
Let f = -137 - -95. Let g = 44 + f. Suppose b - 5*u - 255 = 0, -4*b - g*u - 1038 = -8*b. What are the prime factors of b?
2, 5, 13
Let y = -31339 + 46889. List the prime factors of y.
2, 5, 311
Let w(n) = n**2 - 8*n - 4. Let l be w(9). Suppose -1 + 6 = l*g. List the prime factors of (1 - g/2) + (-3483)/(-54).
5, 13
Suppose 4*q - q + 4*u = 133, -211 = -5*q + 4*u. Let o = -41 + q. Suppose -o*m + 10 = -46. List the prime factors of m.
2, 7
List the prime factors of (104 - 77)/(1/571).
3, 571
Let y = 236 + 952. What are the prime factors of y?
2, 3, 11
Let f be 0 + 2*1/1. Suppose 17*i - 15*i = 2. List the prime factors of (158 + -6)*i/f.
2, 19
Let i = 20851 + -14466. List the prime factors of i.
5, 1277
Let t(x) = 112*x**2 + 5*x - 9. Suppose -19*i + 36 = -13*i. Let n(f) = 111*f**2 + 5*f - 10. Let w(j) = i*t(j) - 5*n(j). List the prime factors of w(1).
2, 59
Let i = -106 + 575. Suppose 0 = -2*m + 2*g + i + 977, 5*m + g - 3633 = 0. What are the prime factors of m?
2, 3, 11
What are the prime factors of (129616/14 - 5) + 11/((-308)/8)?
19, 487
Suppose 3443 = -7*i + 207164. What are the prime factors of i?
3, 89, 109
Let z = -7705 + 11338. What are the prime factors of z?
3, 7, 173
What are the prime factors of (-38746)/(-3) - 15/(45/(-2))?
2, 3229
Suppose -5*y - 7*y = 132. Let s be ((1 - y) + -3)*(-25)/(-3). Let m = s + -63. What are the prime factors of m?
2, 3
Let b(j) = 20*j**2 - 15 - 5*j + 7*j**2 + 7*j**2 + 1. What are the prime factors of b(-3)?
307
Let v = 1127 - -3313. List the prime factors of v.
2, 3, 5, 37
What are the prime factors of 12253 + 0 + 1 - (-1096 - -1101)?
3, 1361
Let f be ((-15)/9 - 3)*(-18)/4. Suppose 751 = 4*g + t, -f*g + 19*g + 383 = -t. List the prime factors of g.
3, 7
Let s(k) = 23*k + 3546. What are the prime factors of s(104)?
2, 2969
Let k = -18117 + 46437. List the prime factors of k.
2, 3, 5, 59
Let s(z) = -2904*z + 18. List the prime factors of s(-6).
2, 3, 17, 19
Suppose 5*g - 2 - 23 = 0. Suppose -8*f + 933 = -g*f. Suppose -4*l - w = -f, 158 = 3*l - l - 2*w. What are the prime factors of l?
2, 3, 13
Suppose 70*c = 65*c + 6*p + 2848, 2*p + 6 = 0. What are the prime factors of c?
2, 283
Let v(i) = -i**3 + 11*i**2 + 15*i - 33. Let n be v(12). Suppose -n*r - r - 3*h = -1947, h - 975 = -2*r. List the prime factors of r.
3, 163
Let z = 33577 - 28020. List the prime factors of z.
5557
Suppose a + 5*l = 201, 4*a - 2*a - 4*l - 346 = 0. Let r be ((-1)/(-3))/(104/86424). Let m = r - a. List the prime factors of m.
2, 3
Let g = -17576 - -32978. What are the prime factors of g?
2, 3, 17, 151
Let i = -1756 - -2765. What are the prime factors of i?
1009
Suppose -4*m = 4*v - 24, m + m + 5*v = 3. Let g be m/(-36) + (-1)/(-4)*997. Suppose 2*c - g = -17. What are the prime factors of c?
2, 29
Suppose -5*b - 4 = -m + 10, -4*b = 2*m. Let x be (-3)/1 - (-64)/m. Suppose -x*r = -11*r - 156. What are the prime factors of r?
2, 3, 13
Let f = -27 + 36. Let q be f/(18/4)*4. Suppose -q*r + 2*r = -180. List the prime factors of r.
2, 3, 5
Let y(j) = -j**3 + 10*j**2 + 7. Let q be y(10). Let z = 11 - q. What are the prime factors of (((-6)/z)/1)/((-6)/444)?
3, 37
Let u(x) = -6*x**2 - 4*x - 8*x**2 + 19*x**2 + 2*x**3. Let h be (0/1 - 1) + 4. List the prime factors of u(h).
3, 29
Suppose -28*k - 3 = -29*k. Suppose -k*a - 651 = -8*a + b, a - 119 = 3*b. Let n = -78 + a. What are the prime factors of n?
53
Let u be 387/215 - 1204/(-20). Suppose 4*a = 3*v + a - 351, 3*v + a - 371 = 0. Let c = v - u. List the prime factors of c.
2, 3, 5
Suppose -1 - 11 = 3*l. Let g be 2 + l - (10 + -2). What are the prime factors of (192/g)/((-18)/240*1)?
2
Let u(v) = -33 + 136*v - 106 - 32 - 7. What are the prime factors of u(6)?
2, 11, 29
Suppose 0 = i + 675 + 2332. Let p = -2148 - i. What are the prime factors of p?
859
Suppose 3*h + b = -16, -36 = 5*h + 2*b - 10. Let g(m) = 12*m**2 - 16*m - 88. What are the prime factors of g(h)?
2, 5, 11
Suppose -297*a + 98 = -299*a. Let x = a - -139. List the prime factors of x.
2, 3, 5
Let i = 432 - -35. Let y(p) = -44*p + 5. Let s be y(-7). Let u = i - s. What are the prime factors of u?
2, 7, 11
Suppose -4263 + 1135 = -8*g. Let t = g + 31. What are the prime factors of t?
2, 211
Let o(s) = -s**3 + 93*s**2 + 113*s - 466. List the prime factors of o(93).
11, 83
Suppose -10*w + 40*w - 234090 = 0. List the prime factors of w.
3, 17
Suppose -6*z = 53 - 83. List the prime factors of z + -8 + -1 - -242.
2, 7, 17
Suppose -29*p - 5580 = -39*p. Suppose -2*z = -p - 204. List the prime factors of z.
3, 127
Let i(f) = f**2 + 4*f + 13. Let h be i(-4). Suppose -10 + h = o. Suppose 5*z - t = t + 310, 5*z - 310 = o*t. List the prime factors of z.
2, 31
Suppose -154*y - 95*y + 3707859 = 0. List the prime factors of y.
14891
Let s = 8 - -58. What are the prime factors of (3/2)/1 - (-54087)/s?
821
Suppose 297 = 4*k - j, -23 = -3*k - 3*j + 181. Suppose 0 = 63*n - k*n + 5860. List the prime factors of n.
2, 293
Let b = 212 - 19. Let g be b + 1 + -3 + -1. List the prime factors of (12/(-5))/((-57)/g).
2
Let y(l) = 12*l**3 + 5*l**2 - 24*l + 74. List the prime factors of y(7).
17, 251
Let o = 464 + -478. List the prime factors of (1*(-77)/o)/(2/32).
2, 11
Let o(a) = -14*a - 139. Let j be o(-28). Let k be 6/39 + 2050/26. Suppose -3*m = g - k, 2*g - j = -g - m. List the prime factors of g.
5, 17
Let w = -2380 - -4918. List the prime factors of w.
2, 3, 47
What are the prime factors of 6633630/(-162)*18/(-30)?
79, 311
Suppose -4*q + 66 = 7*q. Suppose -q = -2*l + 2*x, 4*l - 18 + 4 = 3*x. Suppose 143 = -l*j + 6*j. List the prime factors of j.
11, 13
Let u(g) = 29*g**2 - 10*g + 9. Let c be u(-5). Suppose -o = -1, 5*l - 1443 - c = -2*o. List the prime factors of l.
5, 89
Let y be (4/8)/((-2)/88)*-1. What are the prime factors of (-3861)/y*2*-1?
3, 13
Let p(m) = 82*m**2 + m + 11. Let u be 14/4 - (-3)/(-6). List the prime factors of p(u).
2, 47
Suppose 26 - 6 = 5*l. Suppose -2*q = 2*q - l. List the prime factors of (-22 + 20)*(-68 + (q - -1)).
2, 3, 11
Let l = 20862 - -57409. List the prime factors of l.
29, 2699
Let f = -37 + 87. Let i be 49/(-7) - (16 + 6)*-1. Suppose f = b - i. What are the prime factors of b?
5, 13
Let k(w) = 21*w**2 - 3*w + 2. Let l be k(-3). Suppose s + s = l. Suppose 99 = j + 3*v, -247 - s = -3*j + v. List the prime factors of j.
2, 3, 19
Let i(u) = -110*u - 65. Let r be (250/(-225))/((-3)/(-27)). What are the prime factors of i(r)?
3, 5, 23
Let d be (1 